git of 962?
2
What is the units digit of 28341?
1
What is the thousands digit of 7867?
7
What is the ten thousands digit of 68409?
6
What is the thousands digit of 13011?
3
What is the ten thousands digit of 15918?
1
What is the hundreds digit of 4484?
4
What is the tens digit of 238?
3
What is the thousands digit of 1330?
1
What is the tens digit of 38065?
6
What is the thousands digit of 3103?
3
What is the tens digit of 29779?
7
What is the units digit of 6018?
8
What is the tens digit of 2728?
2
What is the tens digit of 117145?
4
What is the thousands digit of 1225?
1
What is the hundreds digit of 15587?
5
What is the hundreds digit of 5959?
9
What is the hundreds digit of 29385?
3
What is the hundreds digit of 37278?
2
What is the units digit of 13183?
3
What is the ten thousands digit of 31760?
3
What is the hundreds digit of 60594?
5
What is the tens digit of 852?
5
What is the units digit of 31559?
9
What is the tens digit of 1411?
1
What is the tens digit of 20916?
1
What is the hundreds digit of 412?
4
What is the units digit of 20689?
9
What is the hundreds digit of 732?
7
What is the hundreds digit of 5199?
1
What is the thousands digit of 4339?
4
What is the ten thousands digit of 23868?
2
What is the thousands digit of 83462?
3
What is the thousands digit of 8161?
8
What is the units digit of 23471?
1
What is the tens digit of 292?
9
What is the ten thousands digit of 12106?
1
What is the tens digit of 18767?
6
What is the tens digit of 911?
1
What is the units digit of 15124?
4
What is the tens digit of 341?
4
What is the tens digit of 92430?
3
What is the tens digit of 20245?
4
What is the thousands digit of 2675?
2
What is the hundreds digit of 24929?
9
What is the hundreds digit of 802?
8
What is the units digit of 5482?
2
What is the hundreds digit of 7173?
1
What is the hundreds digit of 2956?
9
What is the hundreds digit of 795?
7
What is the thousands digit of 1124?
1
What is the units digit of 23534?
4
What is the tens digit of 1287?
8
What is the units digit of 23338?
8
What is the hundreds digit of 836?
8
What is the tens digit of 1456?
5
What is the tens digit of 49694?
9
What is the hundreds digit of 578?
5
What is the units digit of 95?
5
What is the units digit of 1956?
6
What is the hundreds digit of 44693?
6
What is the tens digit of 65484?
8
What is the units digit of 3884?
4
What is the tens digit of 6702?
0
What is the units digit of 3436?
6
What is the thousands digit of 5643?
5
What is the hundreds digit of 685?
6
What is the ten thousands digit of 11349?
1
What is the units digit of 72656?
6
What is the tens digit of 5323?
2
What is the hundreds digit of 74657?
6
What is the hundreds digit of 2556?
5
What is the thousands digit of 4756?
4
What is the ten thousands digit of 48283?
4
What is the tens digit of 3133?
3
What is the thousands digit of 2829?
2
What is the units digit of 1986?
6
What is the thousands digit of 26222?
6
What is the hundreds digit of 3773?
7
What is the ten thousands digit of 13193?
1
What is the tens digit of 2495?
9
What is the tens digit of 1629?
2
What is the units digit of 451?
1
What is the tens digit of 2067?
6
What is the hundreds digit of 391?
3
What is the tens digit of 1207?
0
What is the tens digit of 13?
1
What is the hundreds digit of 5106?
1
What is the thousands digit of 29283?
9
What is the hundreds digit of 59133?
1
What is the units digit of 10104?
4
What is the units digit of 3795?
5
What is the hundreds digit of 4176?
1
What is the units digit of 5103?
3
What is the hundreds digit of 931?
9
What is the tens digit of 1694?
9
What is the tens digit of 15?
1
What is the units digit of 1482?
2
What is the units digit of 16?
6
What is the thousands digit of 3903?
3
What is the hundreds digit of 47583?
5
What is the tens digit of 82039?
3
What is the thousands digit of 19389?
9
What is the tens digit of 352?
5
What is the thousands digit of 5961?
5
What is the units digit of 38575?
5
What is the ten thousands digit of 15368?
1
What is the units digit of 852?
2
What is the hundred thousands digit of 104298?
1
What is the tens digit of 32830?
3
What is the units digit of 5607?
7
What is the tens digit of 1871?
7
What is the hundreds digit of 9550?
5
What is the thousands digit of 38267?
8
What is the thousands digit of 2227?
2
What is the units digit of 66528?
8
What is the units digit of 166428?
8
What is the tens digit of 7486?
8
What is the tens digit of 12865?
6
What is the units digit of 517?
7
What is the units digit of 2401?
1
What is the hundreds digit of 453?
4
What is the units digit of 13256?
6
What is the ten thousands digit of 26978?
2
What is the units digit of 908?
8
What is the thousands digit of 5265?
5
What is the hundreds digit of 34966?
9
What is the tens digit of 29979?
7
What is the units digit of 21972?
2
What is the thousands digit of 10834?
0
What is the thousands digit of 13012?
3
What is the units digit of 4114?
4
What is the tens digit of 12776?
7
What is the ten thousands digit of 15152?
1
What is the hundreds digit of 1380?
3
What is the ten thousands digit of 61495?
6
What is the hundreds digit of 577?
5
What is the thousands digit of 6195?
6
What is the thousands digit of 1941?
1
What is the hundreds digit of 176578?
5
What is the thousands digit of 2434?
2
What is the units digit of 691?
1
What is the hundreds digit of 6652?
6
What is the units digit of 657?
7
What is the units digit of 1403?
3
What is the thousands digit of 89510?
9
What is the thousands digit of 8480?
8
What is the tens digit of 690?
9
What is the units digit of 1033?
3
What is the tens digit of 7022?
2
What is the tens digit of 4361?
6
What is the units digit of 20741?
1
What is the hundreds digit of 2455?
4
What is the hundreds digit of 46009?
0
What is the tens digit of 34895?
9
What is the hundreds digit of 1237?
2
What is the hundreds digit of 559?
5
What is the thousands digit of 69402?
9
What is the thousands digit of 3048?
3
What is the tens digit of 451?
5
What is the hundreds digit of 41933?
9
What is the tens digit of 1625?
2
What is the units digit of 67323?
3
What is the thousands digit of 3775?
3
What is the hundreds digit of 6044?
0
What is the thousands digit of 2464?
2
What is the tens digit of 109341?
4
What is the ten thousands digit of 13458?
1
What is the tens digit of 10330?
3
What is the hundreds digit of 2242?
2
What is the units digit of 27886?
6
What is the hundreds digit of 834?
8
What is the units digit of 8367?
7
What is the units digit of 93402?
2
What is the hundreds digit of 170?
1
What is the ten thousands digit of 86324?
8
What is the units digit of 23970?
0
What is the units digit of 2308?
8
What is the tens digit of 15559?
5
What is the ten thousands digit of 16308?
1
What is the units digit of 4423?
3
What is the thousands digit of 14060?
4
What is the thousands digit of 4927?
4
What is the hundreds digit of 29084?
0
What is the tens digit of 2328?
2
What is the hundreds digit of 37007?
0
What is the hundreds digit of 940?
9
What is the units digit of 8275?
5
What is the hundreds digit of 8897?
8
What is the units digit of 5559?
9
What is the tens digit of 1010?
1
What is the tens digit of 1112?
1
What is the ten thousands digit of 12656?
1
What is the units digit of 1633?
3
What is the thousands digit of 69920?
9
What is the thousands digit of 13745?
3
What is the units digit of 1489?
9
What is the ten thousands digit of 12330?
1
What is the units digit of 4318?
8
What is the tens digit of 16013?
1
What is the units digit of 1363?
3
What is the thousands digit of 6817?
6
What is the ten thousands digit of 11521?
1
What is the units digit of 125?
5
What is the tens digit of 603?
0
What is the ten thousands digit of 33862?
3
What is the hundreds digit of 845?
8
What is the tens digit of 21791?
9
What is the tens digit of 238?
3
What is the ten thousands digit of 10175?
1
What is the hundreds digit of 9302?
3
What is the tens digit of 26185?
8
What is the thousands digit of 15338?
5
What is the units digit of 32956?
6
What is the hundreds digit of 286?
2
What is the ten thousands digit of 56451?
5
What is the thousands digit of 3135?
3
What is the hundreds digit of 356?
3
What is the thousands digit of 2120?
2
What is the units di